.
23
Let f(l) = l**2 - 10*l + 18. Let m be f(8). Let t(n) = 22*n**2 - 12*n + 21. Let x be t(m). What is the highest common divisor of x and 35?
5
Let w = -9 - -201. Let g = -168 - -166. Let y be (w - 6)/((-3)/g). Calculate the greatest common divisor of 31 and y.
31
Suppose -28*f - 2 = -29*f. Let t(c) = -c + 4. Let i be (-8)/6*36/8. Let b be t(i). Calculate the greatest common factor of b and f.
2
Let j(f) = -21*f + 4556. Let q be j(60). What is the greatest common divisor of 32 and q?
32
Let g = 10680 - 10635. Calculate the greatest common divisor of g and 1200.
15
Suppose -n + 1270 = -5*k + 10*k, 0 = 3*k + 3*n - 750. What is the greatest common divisor of k and 8245?
85
Let r be 21 + -18 + -1 + -1 + 1503/9. What is the highest common divisor of 1560 and r?
24
Let w(g) = -33 - g**2 - g + 64 + 31 + 4*g**2 + 19*g. Let j be w(-3). What is the highest common factor of j and 161?
7
Suppose -24*n + 15838 = -13538. Calculate the highest common factor of n and 36.
36
Suppose 103*q - 3028 - 9332 = 0. What is the highest common divisor of 190 and q?
10
Let h be (13284/(-99))/(12/(-66)). Calculate the greatest common factor of 90 and h.
18
Let p(k) = 19*k**3 + k. Let a be p(1). Let w(x) = x - 1008 + 0*x + 1029 - 2*x. Let b be w(5). Calculate the highest common divisor of b and a.
4
Let n = 317 + 61. Suppose 0 = 3*u + 2*u - 3*f - n, 2*u - 152 = 2*f. Suppose 25 - u = -10*d. What is the greatest common divisor of 45 and d?
5
Suppose g + 37 - 179 = 3*z, -4*z = -4*g + 520. What is the highest common divisor of 28892 and g?
124
Let k(t) = 2*t + 4. Let l be (-50)/(-10)*8/10 - 0. Let y be k(l). Suppose 14 = x - y. Calculate the greatest common divisor of x and 117.
13
Let u = -14 + 14. Let g = u - -99. What is the highest common factor of 66 and g?
33
Let u = -30 + 24. Let o(q) = q**3 + 7*q**2 + 3*q - 15. Let w be o(u). Suppose 0 = w*l + 22 - 121. What is the highest common divisor of 33 and l?
33
Let u be ((-7)/(-4))/((-1)/(-4)). Suppose 580 = 2*v - 5*o - 171, -o - 4157 = -11*v. Suppose u*s = 4*s + v. Calculate the greatest common factor of s and 84.
42
Let o(i) = 6*i**2 - 54*i - 285. Let c be o(-5). Suppose 3*d + 2*w + 2*w - 11 = 0, -5*d + 57 = -3*w. Calculate the greatest common divisor of c and d.
9
Suppose 0 = 13*c - 18*c - 10. Let l be ((-40)/(-12))/((-4)/(14 + c)). Let s = 5 - l. What is the greatest common divisor of 10 and s?
5
Let w(z) = 23*z**2 - 122*z - 520. Let v be w(-4). Calculate the highest common factor of 210 and v.
42
Suppose 0 = -6*s - 24 + 6. Let l be 5 + 6 + 1 + s. Let v be (2 + -2 - 2)*-3. Calculate the greatest common factor of v and l.
3
Let c = 363 - 374. Let k = c + 39. Let z(f) = f**3 - 7*f + 6. Let n be z(4). What is the greatest common divisor of n and k?
14
Let q = 946 - 944. Suppose c - q*d - 44 = 0, -11*d = 2*c - 16*d - 85. What is the highest common divisor of c and 850?
50
Let a(b) = 124*b - 724. Let r be a(11). Calculate the greatest common divisor of r and 10.
10
Let x be 14/(-4)*(-1 - (-1)/7). Suppose -x*g + 7 = -20. Let i be (-1364)/(-8) - 7/(-14). What is the highest common factor of g and i?
9
Let n(y) = 41*y + 2155. Let q be n(-52). Let b = 13 - -10. Calculate the highest common divisor of q and b.
23
Let j be 616/33*198/12. What is the greatest common divisor of j and 560?
28
Suppose 256 = 4*u - 6*l + 4*l, -2*l + 320 = 5*u. Let j(t) = 2*t**3 + 31*t**2 + 67*t - 28. Let c be j(-12). What is the greatest common factor of c and u?
16
Let i(h) = 12*h + 176. Let k be i(-13). Let a(x) = 38*x**2 - 2. Let w be a(3). Calculate the greatest common factor of w and k.
20
Let x = 322 - 198. Suppose -30*l + x = -116. Let m(i) = -i**2 + 7*i - 5. Let v be m(6). What is the highest common factor of l and v?
1
Let l be (-87)/(-58) - 73/(-2). Let d be (-3)/(2/(-104)*-2). Let q = 135 + d. What is the highest common divisor of q and l?
19
Let m(x) = 9*x**3 + 2*x**2 + 4*x - 13. Let l be m(3). Let v = 1 + l. Calculate the highest common divisor of v and 9.
9
Suppose 16 = 2*f + 2*p - 12, -8 = -f + p. Let q be (-4)/(-1) - (8 + -2). Let r = f - q. Calculate the greatest common divisor of r and 169.
13
Let j = 426 - 416. Let c be (-7728)/(-88) - j/(-55). What is the highest common factor of 220 and c?
44
Suppose v - 4*b - 22 = -5, -39 = -2*v + 3*b. Let y be (v/42)/((-1)/(-612)). Calculate the highest common divisor of y and 34.
34
Let f = -2994 + 3204. What is the greatest common divisor of 910 and f?
70
Suppose -4*j = -62 - 22. Let p = -164 - -181. Suppose -856 - 96 = -p*r. Calculate the highest common divisor of j and r.
7
Suppose 2*q + p = 60, -36 = -36*q + 34*q + 5*p. Calculate the highest common factor of 46 and q.
2
Let m be 1 - 5/((-20)/(-8)). Let c be (-55187)/(-203) + m/(-7). What is the highest common divisor of c and 17?
17
Let j be (0 - (-415)/11) + (-612)/(-2244). What is the highest common divisor of 1083 and j?
19
Let q(s) = -s + 8. Let r be q(-7). Suppose 68 = -b - 0*m + 2*m, 5*m - r = 0. Let z = -54 - b. What is the highest common divisor of z and 24?
8
Let t(y) = 2*y**3 - y**2 + 16*y - 57. Let d be t(3). Calculate the highest common factor of 348 and d.
12
Let u = 1345 - 1325. Calculate the highest common divisor of u and 24740.
20
Let t = 247 + -224. Suppose 1971 - 775 = t*r. What is the greatest common factor of 39 and r?
13
Let v(f) = -1. Let n(w) = -1 + 20 + 13*w - 5*w. Let j(p) = n(p) + 6*v(p). Let q be j(4). What is the highest common divisor of 5 and q?
5
Suppose -3*v - 5*h = -21, v - 5*v = -3*h + 1. Suppose v*d + 11 = -139. Let p be 10/d*9*(-30)/9. What is the greatest common divisor of 36 and p?
4
Let v = -4165 + 4178. Let q = 0 + 1. Let y(b) = 14*b - 1. Let w be y(q). Calculate the greatest common factor of w and v.
13
Suppose 0 = -5*l - 59 + 179. Suppose 100 = 25*u - l*u. What is the highest common factor of u and 20?
20
Suppose -5*l + 5*v = -145, -l + 3*v + 22 + 1 = 0. Suppose -1919 = -5*h - 2*j - 631, 5*j + 1004 = 4*h. Calculate the greatest common divisor of h and l.
32
Let d = 8606 + -7308. Calculate the greatest common factor of 132 and d.
22
Suppose 9*i - 2239 = -79. Suppose -5*j + 10*j - i = 0. Calculate the greatest common factor of j and 84.
12
Suppose 34*r = -20*r - 5*r + 1062. Let c = -30 + 75. What is the greatest common factor of r and c?
9
Suppose 28*r - 97*r + 1953 + 669 = 0. Calculate the greatest common factor of 475 and r.
19
Suppose 0 = -h - 306 + 530. What is the greatest common divisor of 3472 and h?
112
Suppose 0*j - 4*j + 796 = -v, 5*j - 3905 = 5*v. Let y be (-9)/(72/v) + (-1 - 0). Calculate the highest common factor of y and 24.
24
Let r be (-4)/10 - (1 + 2301/(-15)). Let n be ((-360)/54)/((-6)/171). Calculate the highest common divisor of n and r.
38
Let c(a) = 27*a**2 - 228*a - 34. Let s be c(11). What is the greatest common factor of s and 232?
29
Suppose -238 = -33*b - 86*b. What is the greatest common factor of b and 306?
2
Let s = -36 + 37. Let k(g) = -115*g + s + 252*g - 3. Let v be k(1). Calculate the greatest common factor of 54 and v.
27
Let k(j) = -j**3 + 60*j**2 + 184*j - 120. Let a be k(-14). Calculate the greatest common divisor of a and 96.
96
Let p be (-56945)/(-7) - 9/((-9)/(-13)). Calculate the highest common factor of 2096 and p.
262
Let p = 92131 - 51620. Calculate the greatest common factor of 17 and p.
17
Let u = -1187 - -837. Let m = u - -670. Calculate the highest common factor of m and 10.
10
Suppose 2*w + 112 = 4*j, 0 = 2*j + 3*w - 70 - 2. Let a(p) = -1537*p - 3050. Let r be a(-2). Calculate the highest common divisor of r and j.
6
Suppose 7*f + 114 = -1027. Let k = f + 174. Let h be 1/3 - 2/(-3). Calculate the highest common divisor of h and k.
1
Let f(r) = -44 + 25*r - 2*r + 9*r + 45. Let t be f(2). Calculate the greatest common divisor of t and 39.
13
Suppose -229*g + 120498 = -172*g. Calculate the greatest common factor of 84 and g.
14
Let q(f) = 1 - 1 - 2 + 2*f + 0. Let p = 52 - 44. Let c be q(p). What is the greatest common divisor of c and 14?
14
Let v = -6 - -30. Let d be (-3)/(-2)*64/v + 1. Let l be (-4)/18 + 182/9. Calculate the highest common divisor of l and d.
5
Suppose -103*y = -97*y - 48. Suppose 0 = y*w - 376 - 128. Calculate the highest common divisor of 9 and w.
9
Let n(q) = 37*q**2 + 2*q - 2. Let i be n(2). Let b = i - 29. What is the greatest 